).
-16
Calculate 13 + -12 + 7 + -10 + 8 + 59.
65
Evaluate 3 - 3 - 0 - (56 - (7 + -9 + 1)).
-57
What is (-2783 - -2857) + (-126 - 2)?
-54
(21 - (26 + -6 + -1)) + (3 + -6 - -101)
100
What is 0 + -25 + -3 + (-14361 - -14357)?
-32
What is 96 - ((54 - 82) + 157)?
-33
Calculate (-9 - -75 - (24 + -28)) + 4 + (4 - -5).
83
-46 - (17 + 33 + -33 + -8)
-55
0 - 75 - (-5983 - -6024)
-116
What is (-73 - -72) + 34 - 109?
-76
(5 - 4) + (-9 - -14) + -19
-13
Calculate -11645 + 11678 + (0 - -1) + -21.
13
(-37 - (-9 - 5)) + 7 + 5
-11
What is the value of 2 + 57 - (-321 - -327)?
53
Calculate 90 + 105 + -277 - -83.
1
(24 - (39 + -38)) + -34
-11
What is (-65 - (-82 - -33)) + -1 + -1 + -54?
-72
(-11 - ((6 + -18 - -21) + -16)) + -32
-36
What is the value of 29 - (113 + -189 + 129)?
-24
Evaluate (-161 - 0) + -162 + 5 + 175.
-143
Evaluate -22 + 69 + (-6 - (3 - -17)).
21
Calculate 101 - (-41 + 0 - -96).
46
(-3 - -1) + (1 - 1) + (-18136 - -18150) + 40
52
(8 - 0) + -15 + (-18 - -124) + (-20 - -3)
82
Calculate 5 + 117 + (1239 - 1231).
130
What is the value of -7 + (7 - (7 - 3) - (45 + -39))?
-10
What is (-11 - -19) + (23 + 25 - 39)?
17
What is 41 - -2 - (-8 + (-2 - 1) + 4 + 5)?
45
Calculate 31 + (-13 - (-24 - 26)) + -37.
31
What is (40 - 31) + (-15 - (4 - -6)) - -124?
108
Evaluate (-4 + 9 - (-6 + 12) - 5) + (145 - 85).
54
-163 - -86 - -57 - (2 - 38) - -40
56
What is 35 + (-78 - -34 - -14) + -39 + (-5 - -2)?
-37
What is the value of 1 + 157 + (257 - 326)?
89
-77 - (173 - 89 - 52)
-109
What is 10 + -51 + 8 + 1 + 3 + 266 + -257?
-20
Evaluate 2 + (8 - (-18 - -27)) + 7 - -77.
85
What is 29 - 19 - (-6 + (-3 - -93) + 3 + 6)?
-83
What is -30 + -5 - (-68 + 94 - 23)?
-38
Calculate (27 - 27) + 2 + (11 - 2) + 33.
44
Calculate (1 - -115) + 8545 + -8629.
32
What is (-3 - -3) + (-7 - (16 + -34)) + 0?
11
What is 64 + -40 + (-12 - 31)?
-19
Calculate 6 - (-66 + (-24 + 69 - 15)).
42
-2 - (15 - -102 - 112)
-7
(40 - -9) + -124 + 39
-36
-38 + 95 + -20 + 26 - (-11 + 0)
74
2910 + -2722 + 2 + -114
76
What is the value of (1 - -16) + -77 + -49 + 76?
-33
What is (4 - (21 + (-4 - 7))) + 18 + 29?
41
Calculate (-57 - 50) + 90 + 80.
63
-4 + (7 - 9) + -15 - -44
23
Calculate -24 - 0 - (-421 - -438).
-41
Evaluate -2 + 0 + 7 - (-7 - -32 - 8).
-12
Evaluate (11 - (3 - 37)) + 14 + (-9 - 9).
41
What is the value of 6 - (71 - 52 - (24 + 0)) - (-1 - 43)?
55
What is the value of (10 - 3) + 4 + (23 - (-13 + 28 - 2))?
21
Evaluate -3 - 1 - (-18 - (-12 + -19) - 6).
-11
Evaluate -98 - ((-1 - -16) + (-26 - 13) + 41).
-115
What is (22 + -27 - -14) + 7 - -25?
41
(-11 + (11 - 2) + 14 - 120) + (14 - 2)
-96
-84 + 3 + 39 + (-22 - -6)
-58
What is the value of (259 - 223) + -95 + 20?
-39
What is the value of (45 - 33) + -36 + 10 + -5?
-19
Calculate 6517 + -6597 - (1 + -49).
-32
Evaluate -9 - -12 - (-12 - (3 - 4) - 1).
15
What is the value of -20 + 2 + 3 + (30 - 29) - -38?
24
What is the value of -2 + -47 + (-43 - -52 - (0 - -12) - 1)?
-53
What is the value of 19 + (-8 - -20) + -17?
14
14 + -1 - (-3 + -22 + -8)
46
119 + -96 - (-59 + (-9 - -23))
68
Calculate -28 - -64 - 61 - -70.
45
What is the value of 49 - 38 - (7 + -1 + 4 + -2) - 25?
-22
What is ((-2 - (-2 + -4) - 0) + 0 - 9) + -2?
-7
52 - (-2 - (-8 + 2) - ((80 - 102) + 31))
57
What is -136 + (1 - 1) - (-45 - -68 - (-25 - -42))?
-142
Evaluate 153 + -200 + 131 + -39.
45
What is the value of 54 + -36 - ((-10 - -7) + 2 + 9)?
10
What is the value of -12 - -13 - (43 - 18)?
-24
Calculate 24 + 6 + -17 + (49 - 88).
-26
Evaluate 17 + 6 + -425 + 429.
27
What is 8 + 38 + 42 - 33?
55
(-11 - 34) + 6 + -37 + 31
-45
Evaluate 53 - ((-21 - -17) + 35).
22
What is (-46 - (10 - 39)) + 28?
11
(84 - 84) + (8 - 0) + -7 + 73
74
Evaluate -1205 + 1119 - (-2 + 1) - 3.
-88
Calculate -53 + 52 + (29 - 38).
-10
What is 38 + -18 + 1 - (2 - 48)?
67
What is -1 - -76 - (-277 - -345)?
7
(12 - ((2404 - 2268) + (2 - (0 + 9)))) + -2
-119
1 - ((6 - 21) + 4 + 14 - -5 - 12)
5
-249 + 292 - (8 + -52 + 4)
83
What is 30 - (627 + -626 - (-6 + -1))?
22
Evaluate 0 + -9 + -9 + 13 + 60.
55
Calculate 4 + (4 - 4) + -4 + 2 + -5.
-3
What is 4 + 0 + -15 + -89 + 90 - 8?
-18
-159 + 118 + (2 - (5 + -23))
-21
Evaluate (24 - (-23 - -39)) + (27 - (-7 - -6) - 5).
31
-65 - (-46 + 9 - (-22 + -1))
-51
Evaluate (-2864 - -2826) + -2 + 64.
24
Evaluate -504 + 496 + (7 - 23).
-24
Evaluate -62 + (34 - 32) + 15.
-45
Evaluate -17 + -86 + 112 + 5.
14
What is the value of (-67 - (-7 + 11)) + (-52 - -32 - -10)?
-81
(-11 + -16 + 26 - 1) + 23 + -88
-67
Calculate (-81 + 1 - 1) + (-344 - -180) + 171.
-74
What is (-62 - 40) + 143 - (119 + -3)?
-75
Evaluate (38 - 3) + 0 + (23 - (-22 - -56)) + 10.
34
38 + -3 + 1 + -4 + -8 + -4
20
Evaluate 48 + (54 - -4 - 110) + (29 - (3 + -1)).
23
Calculate 15 + 0 - (-17 + 8 + -21).
45
1471 - 1468 - (-1 + 22 + 0) - 9
-27
Evaluate (12 - 8) + -1 + -4 - (21 + 1).
-23
What is -7 - -6 - (0 + 2 - 22)?
19
What is the value of (19 - ((9 - 14) + 11)) + -47 + 1?
-33
Evaluate -3 + 2 + 0 - (-16 + -37 + 53 - -17).
-18
Evaluate 63 + -31 - (-19 - 2 - -3).
50
What is (-36 + -43 - -122) + (-2 - -10)?
51
676 - 734 - (-1 + 3 + 32)
-92
What is the value of (416 - 457) + 1 + 91?
51
Calculate 858 + -899 + 96 + -1.
54
-19 + (27 - 45) + 25 + 77 + 1 + 7
73
What is (-2 - 31) + 551 + -471?
47
What is the value of (-11 - (-2 - 30)) + -35?
-14
What is 10 - (-27 - ((11 - 8 - 9) + 1) - -14)?
18
Calculate 2 - 1 - 55 - (-9 + 5) - (362 + -363).
-49
What is 3 - (-2 - -15) - (-93 - (-11 + 22) - -10)?
84
Calculate 68 - -12 - (-381 - -407).
54
What is the value of 55 + -38 + 9 + -34 - -92?
84
What is the value of 13 - (-11 - -19) - (-43 + -2)?
50
Evaluate -4 + 0 + 1 + -177 + 301 + -210.
-89
What is -1216 + 1211 + (5 - 4 - (4 + -4 + 2))?
-6
What is the value of -4 + (-17 + -11 + (-12 - -12) - 4)?
-36
30 - (-19 + -9 + 164 + -32)
-74
What is -12 - (-42 + 108 - 23)?
-55
What is 0 - (-7 + -8 + 11 + -10 + 8)?
6
Calculate -71 + 2 + (66 - 60) + 1 + 13.
-49
Evaluate -8 + 115 + (473 - 592) + -1 + -1 + 86.
72
Evaluate (-17 - (46 + -24 - 29)) + 2 + -21.
-29
What is the value of (25 + -37 - 29) + 16 - 41?
-66
Calculate 11 + 1 - (-62 - -1 - (-671 - -694)).
96
Calculate (0 - (1 + -1)) + 1 + (-143 - -27 - -161).
46
Evaluate -25 - (-45 + 26) - 58.
-64
Evaluate 18 - (-22 + 28 - (0 - 18 - -8)).
2
Calculate 6 + (1 - (21 - (-8 + 16))).
-6
(-638 + 637 - (-32 + 0)) + 14 + (-8 - -1)
38
What is -34 + (-4 + 3 + (-2 - -8) + 4 - -1)?
-24
1 + 4 + (11 - (-21 - ((32 - 12) + -99)))
-42
Evaluate 13 - (((-9 - -21) + -9 - 57) + -5).
72
Calculate -1779 + 1758 - (0 - 3 - 89).
71
What is the value of 36 + -5 - (35 - -48) - -13?
-39
What is 14 - (-13 + -10 + 23 - (0 + -1 - -44))?
57
What is 39 + -1 - (-15 + -16 + 48 - 19)?
40
17 + 9 - 14 - (3 - (-4 + -6) - -43)
-44
Evaluate (-2 - -8) + 2 + (22 - 17).
13
What is 10 - -1 - (44 + -36 - (-8 + 13 - -9))?
17
What is the value of 0 - -16 - (20 + (41 - 3 - (56 - 33)))?
-19
4 + 79 + (211 - 348)
-54
(-1 - (20 - (3 - -1))) + 52 - -8
43
What is 1 - (8 + (-22 - -11)) - 16 - -51?
39
-18 + (-11 - (-40 + 17 + 21))
-27
What is 1 + (-5 - 9) + 12 + 7 - 4 - 71?
-69
What is the value of -37 + 0 + 0 + -1 - (-2634 + 2636)?
-40
What is (-3 - -30) + 4 + (-77 - -64)?
18
What is -33 - (-71 - -39) - (-16 - (0 - (9 + -8)))?
14
What is the value of 2 - (-3 + -22 + 26) - (-58 + 2)?
57
Evaluate -239 - -235 - (-2 - (3 - (0 + 0))) - -73.
74
(2365 - 2382) + (77 - -2)
62
4 + 11 + 19 + 49 + -87
-4
What is the value of 2 + -1 + -4 - ((-13 + 5 - -8) + -50)?
47
Evaluate -17 - ((13 - 22) + 6 + 3 - 48).
31
What is 8 - (-83 - (56 + -118))?
29
What is the value of -162 + (350 - 150) + -1 + 0 + -2?
35
Evaluate (40 - 16) + -14 + -17 + (1 - 14).
-20
What is -11 - (-81 - ((-18 - -3) + -27 + 39 - 0))?
67
What is the value of (-27 - (-13 + 19 + -22)) + 35 + 2?
26
What is 126 + (-98 - -37) + (0 - (1 + 2))?
62
11 + 13 - ((35 - 36) + -5)
30
Calculate -73 + (-18 - -107) + 15 + 0.
31
-37 + 44 + -1 + -34
-28
Calculate 83 - (-2 + 3) - (-94 - -95 - (48 + -51)).
78
Evaluate 0 - (-2 + -6) - (105 + 30 + -114).
-13
1 + -6 + (-11 - -20) - (-2 - -47)
-41
What is the value of 44 - (0 + 15 + (-52 - -35))?
46
Calculate (76 + -63 - (2 + -108)) + (-8 - 5 - -1).
107
Evaluate 15 + (-19 - -11) + 33.
40
Evaluate -148 - (82 - 268) - (108 - 1).
-69
What is -32 + (140 - -26 - 126)?
8
Calculate (-21 - (34 + -22 + -25)) + -1